te y(-5).
6
Let u be 2 + (-5)/(6 - 1). Let r(y) = 7*y. Give r(u).
7
Suppose m + 19 = 5*g, -g + 3*g - 5*m - 26 = 0. Suppose 0 = -4*j - 4*h + 5 - 17, j - g*h = -7. Let o(f) = -f - 2. Determine o(j).
2
Let y(o) = -8*o - 1. Let l be (-16)/(-20) + (-2)/(-10). Determine y(l).
-9
Let t(d) be the second derivative of -1/12*d**4 - 1/4*d**5 + 0 + 5*d - 1/2*d**2 + 1/6*d**3. Calculate t(1).
-6
Let b(r) = r**3 - 10*r**2 - r + 4. Let l be b(10). Let t(x) = -x**2 - 5*x - 5. What is t(l)?
-11
Let z(l) be the first derivative of 3*l**4 + l**3/3 - l - 37. What is z(1)?
12
Let f(y) be the first derivative of y**3/3 + 3*y**2 - 7*y + 3. Determine f(-6).
-7
Let y(f) = 5*f - 3. Let l(b) = -9*b + 7. Let a(k) = -4*l(k) - 7*y(k). Determine a(5).
-2
Suppose -48*z = -47*z - 2. Let n(x) = x**3 - 3*x**2 - x + 1. Give n(z).
-5
Let w(u) = 3*u + 0*u - 1595 + 1595. Suppose -1 = 2*m - l + 2, 0 = 3*m - 4*l + 2. What is w(m)?
-6
Let w(t) be the second derivative of -t**5/20 + 5*t**4/12 - 5*t**3/6 + t**2 - t. Let n = 4 - 1. Calculate w(n).
5
Let p(y) = y + 5. Let v = 0 - -2. Suppose -o + 4 = -v*b + 2*o, -5*o - 5 = -b. Give p(b).
0
Let w(i) = -2*i**2 - i. Suppose -v - 4*r = -0*v - 6, 3*v - r - 5 = 0. Suppose 5*j + 2*o + 5 = 2, 0 = -v*o - 8. Calculate w(j).
-3
Let c(x) = -x + 3. Let s be 0/1 + -7 - -1. Suppose -2*k + 14 + 6 = 0. Let f = s + k. Determine c(f).
-1
Let b(v) = -21*v - 1 - 2 + 17*v + 2*v**2. What is b(4)?
13
Let u(q) = q - 1. Let i(m) = -4*m**3 + m**2 + 8*m - 6. Let f(n) = -i(n) + 3*u(n). Let h(t) = 3*t**3 - 4*t + 2. Let d(o) = 2*f(o) - 3*h(o). Give d(-2).
-4
Let j be (15/10)/((-1)/(-12)). Let g = j - 24. Let z(m) = m**2 + 6*m + 5. Determine z(g).
5
Let w(u) be the third derivative of u**4/24 + u**3/6 + 2*u**2. Let l(p) = p + 1. Let c be l(-1). Suppose -4 = 2*z + b, -5*z - b + c*b - 13 = 0. Calculate w(z).
-2
Let w(a) = -1 - 200*a + 398*a - 3 - 199*a. What is w(-5)?
1
Let l(f) be the first derivative of -f**6/360 - f**5/40 + f**4/6 + f**3/3 + 2. Let t(p) be the third derivative of l(p). Determine t(-3).
4
Let v(f) = -f**2 + 6*f - 2. Let y = -38 + 46. Calculate v(y).
-18
Let m(d) = -2*d**2 - 5*d - 2. Let a(b) = b**2 + 6*b + 1. Let z(i) = -3*a(i) - 2*m(i). Calculate z(6).
-11
Let p(v) = v**2 + v - 4. Let k = -13 - -12. Let m be k/((-5)/3 - -2). Give p(m).
2
Let h be (-52)/(-3) + (-4)/(-6). Suppose -5*u - h = 7. Let f(j) = j + 4*j**2 - 6 - 2*j**2 + 2*j - j**2. Calculate f(u).
4
Let p(z) = z**2 + z - 4. Let s = 35 - 39. Give p(s).
8
Let k(t) be the third derivative of -t**6/120 - t**4/24 + 3*t**3/2 + 11*t**2. What is k(0)?
9
Suppose 2*b + 4 = h, -2*b + 2 = 3*h - 2. Suppose -v + 7 - 1 = 5*m, -h*v - 3*m = -12. Let d(s) = v - 3*s + s**3 - s**2 - 2*s**3 + 3*s. Calculate d(0).
6
Suppose 2*d + 4*k + 0*k = 4, -2 = -d - k. Let h(q) = 3 - 5*q - q - d*q + 2*q. Let g(s) = -7*s + 3. Let l(t) = -4*g(t) + 5*h(t). Determine l(5).
-7
Let o(q) be the third derivative of -q**4/12 - q**3/3 + 17*q**2. Calculate o(-6).
10
Suppose -2*p + q = 17, 3*q + 0*q - 3 = -2*p. Let r(h) = 4*h**3 + 7*h**2 + 11*h + 7. Let j(g) = g**3 + g + 1. Let y(f) = 3*j(f) - r(f). What is y(p)?
8
Let b(d) be the third derivative of d**3 - 5*d**2 + 0 + 1/24*d**4 + 0*d. Determine b(0).
6
Suppose 4*t - 2*c = -27 + 7, -c = -3*t - 14. Let r be 10/t*12/(-15). Suppose -3*h + 1 = -r*h. Let w(i) = -i**2 + i. Calculate w(h).
0
Let i(u) = -u + 6. Let a be i(-8). Let f(d) = -12*d**2 + d**3 + a*d**2 - 7*d**2 + 4*d - 6. Give f(4).
-6
Let u = 1 - 1. Suppose -3*b + 1 + 8 = u. Let o(r) = 5*r**2 + 4*r + 1. Let x(h) = h. Let f(v) = b*x(v) - o(v). Determine f(-1).
-5
Suppose 2*m = -w - 2*m + 10, 0 = -m + 1. Suppose -3*l + 15 = 2*p - w*l, 0 = 2*p + 5*l + 25. Let n(b) = b**2 + b - 8. Calculate n(p).
-8
Let a(r) = 4*r**3 - r**2 + 1. Let v(u) = u**2 + 4*u + 6. Let t be v(-5). Let s = t + -12. Calculate a(s).
-4
Let s(v) = -v - 1 - 4*v**2 + v**2 + 3*v - 3*v. Calculate s(2).
-15
Let t(s) = -s**3 - 3*s**2 + 2*s + 1. Let q(p) = -p**3 + 5*p**2 + 2. Let l be q(5). Suppose l*g - 3*g = -1. Let b(o) = -2*o**2. Let z be b(g). Determine t(z).
-7
Let n be 6/(-15) + 12/5. Let s(m) = 1 - 3*m - n*m + m + 3*m. Determine s(-3).
4
Let a(m) = -2*m. Let w(f) = f**3 - 5*f**2 + 2*f - 5. Suppose 0 = -2*u - 4*r - 10, -4*u - 3*r + 25 = -4*r. Let t be w(u). Give a(t).
-10
Suppose 0 = 2*i + 3*l + 12, 0*i + 2*i = 5*l + 20. Suppose i = 2*u - 3*u + 4. Let b(z) = 3 - 1 + u*z + 0*z**2 + z**2. What is b(-3)?
-1
Let t(f) = -f**3 + 12*f**2 - 11*f - 6. Let s be t(11). Let o(h) = -h**2 + 7*h - 1. Let i(m) = 2*m**2 - 8*m + 1. Let y(w) = 2*i(w) + 3*o(w). What is y(s)?
5
Let a(r) = 2 + 4 + 4*r - 3*r + 4. Calculate a(-5).
5
Suppose -r + 4 = -3*c, 0*c - 3*c + 20 = 5*r. Suppose -5*b = 3*d - 23, c = 3*b - 15 + 3. Let k(f) = -9*f**2 + 1. Determine k(d).
-8
Let t(c) = 2*c. Let o be t(2). Suppose -o*x + 91 = 11. Let a(l) = 3*l**2 + 13*l - x*l - l**3 + 4*l**2. Determine a(6).
-6
Let q(v) be the first derivative of 5 - v**3 - 3*v - 1/4*v**4 + v**2. Calculate q(-3).
-9
Let y(h) = 3*h**2 + 9*h - 8. Let n(i) = -4*i**2 - 14*i + 12. Let s(j) = -5*n(j) - 7*y(j). What is s(5)?
6
Let f(g) be the third derivative of g**5/60 + g**4/12 + g**3/3 - 13*g**2. Give f(-4).
10
Let g(s) = 3*s**2 + 3*s + 3. Suppose -10*o - 1 - 19 = 0. Determine g(o).
9
Let u(s) = -s + 1. Let m(a) = -a**2 + 7*a + 5. Let w(q) = -m(q) + 3*u(q). What is w(9)?
-11
Let o(s) = -6 - s**2 - 7*s + 6 + 11. Calculate o(-8).
3
Let r(o) = o**2 + 4*o - 6. Let f = -13 - -7. Calculate r(f).
6
Let s(i) = -3*i**2 + 2*i - 2. Let v(t) = 2*t - 4. Let a be v(3). Let c(f) = f**2 - f + 1. Let r(d) = a*s(d) + 5*c(d). Give r(-1).
1
Let d(s) = s**2 + 3*s - 1. Let m be d(-4). Let p(o) = m*o**3 + 4 - 2*o - 3*o - 2*o**3 + 2*o**2 - 3. What is p(-4)?
-11
Let s(f) = -3*f - 13. Let m be s(-6). Let n(x) = -9 + 1 - x + m. Determine n(-4).
1
Let d(t) = 3 + 2*t**3 - t**3 - 5*t - 8*t + 11*t - 2*t**2. What is d(2)?
-1
Suppose -2*c + 12 = -5*c. Let q = 5 + c. Let t(v) = -10*v. Calculate t(q).
-10
Let f(l) = l**3 + 9*l**2 - 2. Let t be f(-9). Let x(u) = 4*u + 2. Let c be x(t). Let s(j) = j**3 + 7*j**2 + 7*j. Calculate s(c).
-6
Let t(q) = -q**3 + 22*q**2 - 7. Let m be t(22). Let z(h) = -h**2 - 9*h - 4. Give z(m).
10
Let l be -4 + (-3)/(-9)*3. Let w(q) = 3*q**3 + 5*q**2 + q - 4. Let d(n) = 4*n**3 + 6*n**2 + n - 5. Let j(c) = -2*d(c) + 3*w(c). Calculate j(l).
-5
Let s be (-4)/6 - 12/9. Let m(c) be the second derivative of c**5/20 + c**4/8 + c**3/6 - c**2 + c. Let u(d) be the first derivative of m(d). Determine u(s).
7
Let g = -18 + 13. Let v(y) be the first derivative of y**3/6 + 2*y**2 - 3*y + 2. Let s(f) be the first derivative of v(f). Give s(g).
-1
Let r(h) = h**2 - 10. Let j be r(3). Let n(l) = 2*l**2 + 4*l + 1. Let y(d) = -3*d**2 - 5*d - 1. Let o(q) = 4*n(q) + 3*y(q). Determine o(j).
-1
Let x(u) = u**2 - 4*u - 1. Let j = 4 + 1. Let c be x(j). Let f(g) = -g - 2 - c + 2 - 3. Give f(0).
-7
Let v(x) be the first derivative of 3*x**2/2 + x - 4. Calculate v(-4).
-11
Let s(b) = -2*b**2 + 4*b - 2. Let t = 36 - 34. Determine s(t).
-2
Suppose -5*f = 3*o - 15, 0*f - o - 11 = -f. Let w(r) = 6 - r - 4 + f*r**2 - 2. Calculate w(1).
5
Let v(n) be the third derivative of n**6/60 + n**5/30 + n**4/24 + n**3/6 + 6*n**2. What is v(-2)?
-9
Suppose 2*d = d + 3. Let v(g) = -3*g - 3 + 3 + 3. Calculate v(d).
-6
Let i be 2/4 + 1/(-2). Let p(g) be the third derivative of 0*g - 1/3*g**3 + 1/24*g**4 + 0 + 3*g**2. What is p(i)?
-2
Let l be (-6)/2 + 0 - 1. Let g be l/(-6)*(-6)/(-4). Let k = g - 4. Let r(b) = b**2 + 4*b - 2. Determine r(k).
-5
Let b(d) = -2*d + 0*d**3 - d**3 - 2*d - 4*d**2 + 2*d**3. What is b(5)?
5
Let l(k) = k**2. Let c be 6/(-2) - 24/(-6). Calculate l(c).
1
Let q be 4 - (-48)/60*(-15)/2. Let z(l) = 1 + 3*l - 1 + l**2 + 3. What is z(q)?
1
Let c(f) = -f**3 - f**2 + f + 2. Let t be 1*(1 + (1 - 4)). Let k be c(t). Let o(n) = k*n**2 + 2*n**2 - 2 + n + n**3 - 3*n**2. Calculate o(-3).
-5
Let z(m) = -m**3 + 2*m**2 + 4*m - 2. Let a be z(3). Let d(y) = y**3 + 6*y**2 - y - 5. Let w be d(-6). Let i(o) = -w - a + 4 - o. What is i(2)?
0
Let t(j) = j**3 + j**2 - j - 7. Suppose -4*c + 14 = -10. Let g = c - 6. Give t(g).
-7
Let o(j) = -4*j + 6. Let h(x) = -5*x + 7. Let i = -9 + 5. Let r(m) = i*o(m) + 3*h(m). Let k be r(6). Let n(v) = -2*v**2 + 3*v + 3. What is n(k)?
-6
Let f(y) = 3*y - 29. Let